t(b) = 2408*b + 83. Let o(x) = 3612*x + 125. Let i(j) = -5*o(j) + 8*t(j). Is i(11) a prime number?
False
Suppose 0 = 4*l - 3*u - 17, -2*l + 17 = 4*u + 3. Let s be -3 - -2*l/10. Is (-2688)/(-18) + s/6 composite?
False
Let r = 28329 + 56458. Is r a composite number?
False
Let t(o) = -7*o**2 + 19*o + 33. Let v be t(-17). Is v/(-5) - (-16)/40 a prime number?
True
Let p(x) = x - 20. Let k be p(20). Suppose k*n = -3*n + 42. Suppose -n*b + 673 = -13*b. Is b composite?
False
Let x = 13456 + 41373. Is x a composite number?
False
Let n(d) = -2*d**3 - 10*d**2 - 2*d + 4. Let s be n(-4). Is 5*((-10)/(-8) + (-15915)/s) composite?
True
Suppose -47*c + 4*r = -42*c - 739366, -3*r = -3*c + 443616. Is c a prime number?
False
Let h(l) = -4 - 2*l - 6*l + 5 + 13*l + 19*l**2. Let i(n) = 2*n**2 - 9*n - 14. Let a be i(-2). Is h(a) composite?
False
Suppose -2*o + 37*u = 34*u - 205715, 10*o - 3*u - 1028587 = 0. Is o composite?
False
Suppose 16613990 - 1590820 = 118*i. Is i composite?
True
Suppose 0 = 7*a - 2*a. Suppose 14*b - 12*b - 3828 = a. Let y = b - 553. Is y a composite number?
False
Let a(n) = n**3 + 14*n**2 + 25*n + 24. Let i be a(-12). Suppose -i = -7*r + 16. Let o(j) = 441*j - 25. Is o(r) a prime number?
False
Let j(s) = 442*s**3 - 2*s**2 + 18*s - 2. Let l be j(4). Suppose 3*q - 34297 - l = -2*b, 0 = 3*b - 5*q - 93982. Is b composite?
False
Let v(b) = 4*b**2 - 14*b - 21. Let t(z) = 9*z**2 - 29*z - 42. Let r(o) = -3*t(o) + 7*v(o). Let p be r(-11). Suppose -574 = -3*n + p. Is n a composite number?
True
Suppose -265*a + 174730219 = -194*a. Is a composite?
False
Let r(u) = -20*u + 417. Let h be r(0). Let o = h + -218. Is o composite?
False
Let l(t) = 801*t + 1430. Is l(23) a composite number?
False
Let u be ((-1)/2)/(7/(-6) - -1). Let l be (-8491 - (u - 0)) + 3 - -1. Is ((-3)/6)/(l/4244 - -2) prime?
True
Suppose 0 = -4*o - 16, 46091 = 2*h - 5*o + 4885. Is h a composite number?
False
Is 4*(645240/32 - (-16 - -9)) a prime number?
True
Let w(m) = -76*m**3 + 2*m**2 + 24*m - 149. Is w(-15) a prime number?
True
Let z(y) = -4 + 348*y**2 - 17 + 16 - y. Is z(6) a prime number?
True
Suppose 16*k = 25*k - 189. Is k/(-12)*(2 - (-5052)/(-2)) prime?
False
Suppose -2*t + 4*b + 27206 = 0, 47*t + 5*b = 50*t - 40806. Is t a composite number?
False
Suppose 0 = 26*i - 22*i - 164. Let v = 413 + i. Is v a composite number?
True
Suppose -n + 364119 = -12*n + 32*n. Is n prime?
False
Suppose 115*t - 85710 - 917663 = 66*t. Is t prime?
True
Suppose 15*q + 102413 - 502166 = 6*q. Is q a composite number?
False
Let f = -3456 + -13630. Let y = 25899 + f. Is y prime?
False
Let q = -41 + 43. Suppose -23 = -r - 5*b, -b + q*b = r + 1. Suppose -r*m + 7*m = 1956. Is m composite?
True
Let r be -5*(12/24)/(2/(-4)). Suppose 0 = -r*i - 4*q + 26675 - 7354, -i + 3866 = -q. Is i composite?
True
Let r(k) = 449*k**2 - 177*k + 77. Is r(-9) a composite number?
False
Let f(y) be the first derivative of 593*y**3/3 - y + 109. Is f(2) composite?
False
Let u(k) = -54*k**2 - 3*k + 3. Let f be u(5). Let m = 2153 + f. Is m composite?
True
Suppose -9121 = -4*k + f + 188, -4*k + 9311 = -3*f. Is k composite?
True
Let z(y) = -1383*y**3 - 2*y**2 - 17*y - 53. Is z(-3) composite?
False
Is (26/78)/((-6)/(-2647926)) a prime number?
True
Suppose -2*v + 17480 = 29948 - 152450. Is v a prime number?
True
Let t(u) = u**2 - 12*u + 32. Let n be t(4). Suppose n = -4*q + 16*q - 45348. Is q prime?
True
Suppose -3*c - 1263 = -3*u, 6*u - 9*u + 5*c + 1273 = 0. Let k = 3553 - u. Is k a composite number?
False
Suppose -32*d + 27*d + 60 = 0. Suppose -17*b + 15*b + d = 0. Suppose b*t = 7*t - 293. Is t a prime number?
True
Let u be 2140 - ((-4)/26 - 28/(-13)). Suppose 0*o - u = 2*a + 2*o, 8 = 2*o. Is 1*(-4)/(1 - -3)*a composite?
True
Let d(k) be the third derivative of -13*k**4/4 + 2*k**3/3 + 5*k**2. Let i be d(-5). Suppose 2*l = i - 116. Is l prime?
True
Let d(f) = 7*f**3 - f**2 + 2*f. Let y be d(1). Is (-17)/(y/(-14) - 30681/(-53949)) a prime number?
False
Suppose 26686659 = -200*z + 219*z. Is z prime?
False
Suppose 3*q - r - 15 + 0 = 0, q - r - 5 = 0. Let b be (4 - 1)*(5 - -142). Suppose q*k + 5*t - 1630 = 0, 5*k - 1224 = 2*t + b. Is k a prime number?
True
Let s = 281180 + -121107. Is s composite?
False
Let r = 477169 - 335870. Is r a composite number?
True
Let s(c) = -c**2 + 10*c + 3. Let i be s(10). Suppose 0 = i*u + 48 - 33. Is (-1)/u - 8068/(-10) composite?
True
Let h be -4 - (8/(-2) + -9). Let y(c) = 4*c + 11 - 5 + h*c**2 - 3 - 3*c**2. Is y(4) prime?
False
Is -4 + (7 - 1484624/(-8)) a prime number?
False
Suppose 3*c = -h + 132, h = -4*c + 2*h + 176. Suppose 0 = -48*x + c*x + 2072. Suppose j + 5*f - x = 0, -2*f - 3*f = -5*j + 2620. Is j a prime number?
True
Let g(u) = -u**3 - 17*u**2 + 3*u - 3. Let y be g(-17). Let f = -50 - y. Suppose -3*p - f*p = -805. Is p a prime number?
False
Let r be (-294)/(-30) + -10 + (-101926)/(-5). Suppose -k + 4*a + r = 4*k, -2*k + a + 8151 = 0. Is k composite?
False
Suppose -78 = -9*n + 6*n. Is ((-4)/(-1) - 2)*52403/n prime?
False
Let w = 23 + -14. Suppose -u - r + 8182 = 3*u, -u - 3*r = -2051. Suppose -w*l + 8*l = -u. Is l prime?
False
Let q be (-5)/30 - (-17)/(-6). Let u(s) = -4 - 1 - 23*s**2 + 47*s**2. Is u(q) a prime number?
True
Suppose 2*c - 6*c + 5*o + 52 = 0, 2*o - 26 = -c. Suppose 3*z = z - 2*s + c, z - 14 = 4*s. Is (-16)/40 - (-11394)/z prime?
False
Is (-38)/(-437) - (-149165456)/368 a composite number?
False
Suppose 0 = -7231*v + 7229*v + 1835426. Is v a prime number?
True
Suppose 45566220 = 36*m - 8*m. Is (2/(-3))/((-23)/(m/10)) composite?
True
Suppose 35*u - 5149625 = -612190. Is u a prime number?
True
Let m = -66019 - 60718. Is -4 - (0 - 1)/((-13)/m) a composite number?
True
Suppose 7*y - 15579 = -5*u + 7759, -2*y - 5*u + 6693 = 0. Is y a prime number?
True
Let b be ((153/6)/17)/(3/40). Suppose 3212 + 14328 = b*w. Is w prime?
True
Suppose 0 = -2*b - 4*x - 26 + 66, 35 = 5*b - 3*x. Let a(d) = 122*d**2 + 4*d - 55. Is a(b) composite?
True
Let t(a) = -20166*a + 7. Is t(-1) composite?
False
Suppose 3468 = -4*r + 4*n, -5*r = -n - 0*n + 4315. Let j = r - -13467. Is j a prime number?
False
Let o(j) = -4378*j + 33. Let w be o(-3). Suppose 12*h - 2253 = w. Is h prime?
False
Let o = -547358 + 826359. Is o a prime number?
True
Let i be (-1 + -1)*(45/9 + -7). Suppose 26*k = i*k + 216766. Is k a prime number?
False
Suppose -392295 = -5*g + 130*w - 127*w, -4*g - 4*w + 313836 = 0. Is g a composite number?
True
Suppose -3*a = 2*d + 3801, -3*d = -5*d. Let z = a + 4470. Is z a prime number?
True
Let b(t) = -t**3 + 10*t**2 + 41*t - 201. Let n be b(12). Let l(o) = -5*o - 5. Let m be l(-5). Suppose -n = -x + m. Is x prime?
True
Let d(x) = 6588*x + 1055. Is d(8) a composite number?
False
Let d = 963634 + -363751. Is d a composite number?
True
Suppose -c = -9*c + 136. Suppose 19*l = c*l - 4. Is (-10890)/(-27) + l/6 prime?
False
Suppose 4*p - 4*o - 4216 = -3*o, 5*p + 4*o - 5291 = 0. Suppose -13*j = -p - 8604. Is j a prime number?
True
Let y(m) = -1. Let u(v) = v**2 + 10*v + 3. Let z(b) = u(b) + 3*y(b). Let l be z(-10). Suppose l = 9*n - 33 - 1065. Is n a composite number?
True
Let z = 232 + -228. Is (-202)/((-1)/(65/40*z)) prime?
False
Let t = -9 + 10. Let d be (220/t)/5 - -3. Suppose d = -l + 516. Is l a composite number?
True
Suppose 4*v + 2*l - 80194 = 0, 54*l - 58*l - 40122 = -2*v. Is v composite?
False
Suppose 1500 = l - 216 + 217. Is l prime?
True
Suppose l - m - 1809 = -3*l, l = 2*m + 461. Let n(b) = b**3 - 28*b**2 - 4*b + 2. Let c be n(28). Let j = c + l. Is j a composite number?
True
Let d be -9759*(203/(-21) - -9). Suppose 8665 = -107*m + 111*m - 3*x, -5*x + d = 3*m. Is m a prime number?
False
Let k be ((-48)/(-60))/((-1)/(-60)). Suppose 0 = -k*q + 47*q + 101. Suppose -3*c + 373 = x + 80, -c - 2*x = -q. Is c prime?
True
Let h = 19842 + -8729. Is h prime?
True
Let u(k) = -4*k**3 + k**2. Let n be u(-1). Suppose n*b - 35 = -2*b. Suppose -2*g - 2*g - o = -1343, -5*o - 1710 = -b*g. Is g composite?
False
Let l(u) = 6801*u + 9727. Is l(16) prime?
True
Let g(f) = 48728*f + 5927. Is g(6) prime?
False
Let j = -49983 - -144541. Is j a prime number?
False
Suppose 3*l + 4*n = 17717, -62*l + 58*l - 3*n + 23632 = 0. Is l a composite number?
True
Let g be 444/(-36) + 15/(-9). Is (-9 - (-195)/21) + (-16278)/g prime?
True
S